prime factors of 754610310.
2, 3, 5, 1489, 1877
List the prime factors of 1379427546.
2, 3, 7, 32843513
List the prime factors of 86428837.
11, 31, 191, 1327
List the prime factors of 26490025.
5, 113, 9377
What are the prime factors of 512431489?
41, 103, 121343
List the prime factors of 1548313868.
2, 359, 541, 1993
List the prime factors of 19814434.
2, 281, 35257
List the prime factors of 4973210169.
3, 41, 1621, 24943
List the prime factors of 153831253.
43, 271, 307
List the prime factors of 593470143.
3, 7, 337, 27953
What are the prime factors of 3089352399?
3, 7, 31, 311, 15259
What are the prime factors of 4128123450?
2, 3, 5, 11, 569, 4397
List the prime factors of 183330267.
3, 61110089
What are the prime factors of 206209941?
3, 7, 9819521
What are the prime factors of 3722821894?
2, 11, 41, 4127297
List the prime factors of 118282237.
71, 347, 4801
What are the prime factors of 125258293?
179, 699767
What are the prime factors of 22191530?
2, 5, 2219153
What are the prime factors of 61554308?
2, 449, 34273
List the prime factors of 330820357.
7, 17, 47, 59149
What are the prime factors of 33994150?
2, 5, 679883
What are the prime factors of 841827257?
841827257
What are the prime factors of 1827157651?
11, 23, 7221967
List the prime factors of 1151378170.
2, 5, 193, 596569
List the prime factors of 2667178794.
2, 3, 7, 313, 202889
List the prime factors of 204190612.
2, 257, 307, 647
What are the prime factors of 23768657?
11, 2160787
List the prime factors of 77906052.
2, 3, 7, 173, 1787
List the prime factors of 547797462.
2, 3, 1231, 74167
What are the prime factors of 25947254?
2, 12973627
What are the prime factors of 47785551?
3, 11, 19, 76213
List the prime factors of 269612501.
107, 23549
What are the prime factors of 321677316?
2, 3, 8935481
What are the prime factors of 132757458?
2, 3, 1303, 16981
What are the prime factors of 3169592388?
2, 3, 19, 1153, 4019
List the prime factors of 230255295.
3, 5, 257, 59729
What are the prime factors of 32731663?
349, 93787
List the prime factors of 7275915999.
3, 11, 149, 493249
What are the prime factors of 484648278?
2, 3, 97, 832729
List the prime factors of 267453122.
2, 727, 183943
List the prime factors of 294073310.
2, 5, 17, 1729843
List the prime factors of 146090030.
2, 5, 149, 98047
What are the prime factors of 1675529080?
2, 5, 41888227
What are the prime factors of 111604816?
2, 487, 14323
What are the prime factors of 1145188180?
2, 5, 57259409
What are the prime factors of 253011411?
3, 59, 71, 2237
List the prime factors of 39797916.
2, 3, 887, 3739
List the prime factors of 16823958.
2, 3, 1163, 2411
What are the prime factors of 258106769?
43, 59, 101737
What are the prime factors of 281990176?
2, 13, 83, 8167
What are the prime factors of 233437303?
11, 127, 167099
What are the prime factors of 95437097?
7, 23, 37, 433
List the prime factors of 2386837668.
2, 3, 198903139
List the prime factors of 131212830.
2, 3, 5, 7, 61, 10243
List the prime factors of 2630795812.
2, 657698953
List the prime factors of 666558.
2, 3, 19, 1949
What are the prime factors of 64696267?
331, 195457
List the prime factors of 18758911.
29, 646859
What are the prime factors of 65127644?
2, 16281911
What are the prime factors of 8338995?
3, 5, 7, 23, 1151
What are the prime factors of 97792126?
2, 17, 19, 151381
List the prime factors of 205970765.
5, 7, 11, 13, 5879
What are the prime factors of 70258596?
2, 3, 5854883
What are the prime factors of 500206304?
2, 13, 227, 5297
List the prime factors of 34028927.
173, 196699
What are the prime factors of 8783578?
2, 29, 37, 4093
List the prime factors of 49977359.
331, 150989
What are the prime factors of 3775564147?
3775564147
What are the prime factors of 31867513?
31867513
List the prime factors of 7878010.
2, 5, 7, 112543
What are the prime factors of 20688197?
20688197
List the prime factors of 200024023.
17, 11766119
List the prime factors of 53146010.
2, 5, 5314601
What are the prime factors of 233450839?
103, 739, 3067
List the prime factors of 623902845.
3, 5, 41593523
What are the prime factors of 116184765?
3, 5, 7745651
List the prime factors of 171218054.
2, 7, 249589
List the prime factors of 70253734.
2, 35126867
List the prime factors of 5426012119.
11, 31, 41, 388099
What are the prime factors of 458608373?
43, 10665311
What are the prime factors of 52964238?
2, 3, 197, 44809
List the prime factors of 54417221.
17, 283, 11311
What are the prime factors of 1471252842?
2, 3, 27245423
List the prime factors of 3379499.
43, 78593
What are the prime factors of 2125435616?
2, 4877, 13619
What are the prime factors of 11941628?
2, 107, 27901
What are the prime factors of 5835610?
2, 5, 11, 53051
List the prime factors of 7961377.
47, 233, 727
List the prime factors of 5792480.
2, 5, 41, 883
What are the prime factors of 154548452?
2, 38637113
List the prime factors of 348147831.
3, 53, 2189609
List the prime factors of 414763602.
2, 3, 11, 6284297
List the prime factors of 103155119.
53, 71, 79, 347
List the prime factors of 99439459.
7, 2333, 6089
List the prime factors of 1137628815.
3, 5, 107, 708803
What are the prime factors of 1157617750?
2, 5, 19, 243709
List the prime factors of 87707256.
2, 3, 7, 13, 5737
What are the prime factors of 214214056?
2, 7, 19, 201329
List the prime factors of 372702925.
5, 7, 23, 29, 31, 103
List the prime factors of 717088173.
3, 263, 908857
What are the prime factors of 131784854?
2, 1861, 35407
What are the prime factors of 76796067?
3, 25598689
What are the prime factors of 102663367?
102663367
What are the prime factors of 660814352?
2, 11, 31, 3907
What are the prime factors of 225566011?
11, 20506001
What are the prime factors of 3706732794?
2, 3, 211, 241, 12149
List the prime factors of 7804589.
13, 46181
List the prime factors of 480887446.
2, 13, 37, 499883
List the prime factors of 722785316.
2, 11, 16426939
What are the prime factors of 198508673?
11, 179, 181, 557
List the prime factors of 1654930320.
2, 3, 5, 1259, 5477
List the prime factors of 5886840823.
23, 1069, 239429
List the prime factors of 66876456.
2, 3, 23, 97, 1249
What are the prime factors of 17295323?
1123, 15401
What are the prime factors of 2136482025?
3, 5, 31, 349, 2633
What are the prime factors of 481004998?
2, 53, 4537783
List the prime factors of 81853273.
19, 47, 71, 1291
What are the prime factors of 1042283929?
1042283929
What are the prime factors of 1791099883?
41, 167, 383, 683
List the prime factors of 76003532.
2, 11, 17, 43, 139
What are the prime factors of 82951676?
2, 1193, 17383
List the prime factors of 323057768.
2, 11, 179, 20509
What are the prime factors of 54259331?
7, 31, 250043
List the prime factors of 444600110.
2, 5, 44460011
List the prime factors of 226318614.
2, 3, 19, 967, 2053
What are the prime factors of 97745093?
271, 293, 1231
List the prime factors of 40124315.
5, 7, 11, 89, 1171
What are the prime factors of 250497227?
17, 14735131
List the prime factors of 4722426650.
2, 5, 331, 285343
What are the prime factors of 376530071?
376530071
What are the prime factors of 83402845?
5, 16680569
List the prime factors of 170729241.
3, 56909747
List the prime factors of 47562801.
3, 11, 13, 10079
List the prime factors of 815490886.
2, 7, 2099, 27751
List the prime factors of 601109535.
3, 5, 13, 29, 106297
What are the prime factors of 150474828?
2, 3, 7, 317, 5651
What are the prime factors of 3604820490?
2, 3, 5, 3631, 3677
What are the prime factors of 628913746?
2, 314456873
List the prime factors of 845564762.
2, 7, 113, 534491
List the prime factors of 151321586.
2, 13, 19, 23563
List the prime factors of 69308015.
5, 7, 1980229
List the prime factors of 1130196866.
2, 8443, 66931
List the prime factors of 96502173.
3, 32167391
List the prime factors of 146622729.
3, 11, 59, 75307
What are the prime factors of 17498709?
3, 149, 13049
What are the prime factors of 189058620?
2, 3, 5, 23, 136999
List the prime factors of 211007533.
11, 19182503
List the prime factors of 585924283.
7, 733, 114193
List the prime factors of 85503876.
2, 3, 19, 375017
What are the prime factors of 101303579?
13, 41, 190063
List the prime factors of 155987353.
173, 457, 1973
What are t